{"id":158,"date":"2011-01-25T18:09:37","date_gmt":"2011-01-25T17:09:37","guid":{"rendered":"http:\/\/www.oeko-gruppe-laupen.ch\/wordpress\/?page_id=158"},"modified":"2022-05-06T12:22:30","modified_gmt":"2022-05-06T11:22:30","slug":"steckbrief-oeko-gruppe","status":"publish","type":"page","link":"https:\/\/www.oeko-gruppe-laupen.ch\/?page_id=158","title":{"rendered":"Portrait Oeko-Gruppe"},"content":{"rendered":"\n<p><strong>In den 70er-Jahren erreichte die Oeko-Bewegung auch das Amt Laupen im Kanton Bern. Im Zuge des Rummels um Kaiseraugst formierte sich Widerstand gegen das AKW M\u00fchleberg, das nur wenige Kilometer von Laupen entfernt liegt. <\/strong><\/p>\n\n\n\n<p>Es war eine kleine Gruppe Jugendlicher, die in den 70er Jahren das Thema \u201eAbfall und Recycling\u201c in Laupen aufgriff. 1972 gr\u00fcndete diese Gruppe, initiiert von Bruno Riesen, den Verein \u2039Sch\u00fctz und lass dich sch\u00fctzen\u203a. Parallel dazu entstand im ganzen Amt Laupen eine Bewegung, die Kritik an der Atomenergie, insbesondere am AKW M\u00fchleberg \u00fcbte. 1978 schlossen sich die beiden Gruppierungen zum Verein \u201eRegionalgruppe Laupen f\u00fcr umweltgerechte Politik\u201c (heute: \u201e\u00d6ko-Gruppe Laupen und Umgebung\u201c) zusammen. Der Zweckartikel von \u2039Sch\u00fctz und lass dich sch\u00fctzen\u203a wurde \u00fcbernommen. Kurz darauf gingen aus der politisch t\u00e4tigen Organisation zwei praxisbezogene Projekte hervor: der \u201cMitenand-Laden\u201c (heute claro-Laden) in Laupen und die \u201eBio-Gruppe\u201c, welche unter anderem biologische Garten- und Landbaukurse organisierte. Die \u00d6ko-Gruppe beteiligte sich am Aufbau eines unabh\u00e4ngigen Netzes zur Messung der Radioaktivit\u00e4t rund um M\u00fchleberg. Bei Einsprachen und Beschwerden gegen das Atomkraftwerk M\u00fchleberg war die \u00d6ko-Gruppe immer wieder dabei. Neben dem Kampf gegen die Atomenergie besch\u00e4ftigt sich der Verein mit anderen Umweltthemen wie Abfall, Recycling, erneuerbare Energien, Verkehr, \u00f6kologische Landwirtschaft oder Gentechnologie.<\/p>\n\n\n\n<p>Wir organisieren Informationsabende und Besichtigungen, schalten Inserate im Anzeiger Laupen, beteiligen uns an Unterschriftensammlungen, treffen uns zu Sitzungen nach Bedarf.<\/p>\n\n\n\n<p><strong>Steckbrief: <\/strong><\/p>\n\n\n\n<ul class=\"wp-block-list\"><li>Gr\u00fcndung: 1972, als &#8216;Sch\u00fctz und lass dich sch\u00fctzen&#8217;<\/li><li>Mitglieder und G\u00f6nnerInnen: ca. 40<\/li><li>Kontakt: Oeko-Gruppe Laupen, U. Balmer, Oberdorf 21, 3207 Wileroltigen, Tel. 031 755 70 34<\/li><\/ul>\n\n\n\n<p>Mail:  info \u00e4t oeko-gruppe-laupen.ch<\/p>\n\n\n\n<figure class=\"wp-block-image size-full is-resized\"><a href=\"http:\/\/www.oeko-gruppe-laupen.ch\/wrtdrck\/wp-content\/uploads\/2014\/04\/Oekologo260x160.png\"><img loading=\"lazy\" decoding=\"async\" src=\"http:\/\/www.oeko-gruppe-laupen.ch\/wrtdrck\/wp-content\/uploads\/2014\/04\/Oekologo260x160.png\" alt=\"\" class=\"wp-image-753\" width=\"260\" height=\"160\"\/><\/a><\/figure>\n","protected":false},"excerpt":{"rendered":"<p>In den 70er-Jahren erreichte die Oeko-Bewegung auch das Amt Laupen im Kanton Bern. Im Zuge des Rummels um Kaiseraugst formierte sich Widerstand gegen das AKW M\u00fchleberg, das nur wenige Kilometer von Laupen entfernt liegt. Es war eine kleine Gruppe Jugendlicher, die in den 70er Jahren das Thema \u201eAbfall und Recycling\u201c [&hellip;]<\/p>\n","protected":false},"author":2,"featured_media":0,"parent":212,"menu_order":0,"comment_status":"closed","ping_status":"closed","template":"","meta":{"footnotes":""},"categories":[26],"tags":[],"class_list":["post-158","page","type-page","status-publish","hentry","category-verein"],"_links":{"self":[{"href":"https:\/\/www.oeko-gruppe-laupen.ch\/index.php?rest_route=\/wp\/v2\/pages\/158","targetHints":{"allow":["GET"]}}],"collection":[{"href":"https:\/\/www.oeko-gruppe-laupen.ch\/index.php?rest_route=\/wp\/v2\/pages"}],"about":[{"href":"https:\/\/www.oeko-gruppe-laupen.ch\/index.php?rest_route=\/wp\/v2\/types\/page"}],"author":[{"embeddable":true,"href":"https:\/\/www.oeko-gruppe-laupen.ch\/index.php?rest_route=\/wp\/v2\/users\/2"}],"replies":[{"embeddable":true,"href":"https:\/\/www.oeko-gruppe-laupen.ch\/index.php?rest_route=%2Fwp%2Fv2%2Fcomments&post=158"}],"version-history":[{"count":9,"href":"https:\/\/www.oeko-gruppe-laupen.ch\/index.php?rest_route=\/wp\/v2\/pages\/158\/revisions"}],"predecessor-version":[{"id":1305,"href":"https:\/\/www.oeko-gruppe-laupen.ch\/index.php?rest_route=\/wp\/v2\/pages\/158\/revisions\/1305"}],"up":[{"embeddable":true,"href":"https:\/\/www.oeko-gruppe-laupen.ch\/index.php?rest_route=\/wp\/v2\/pages\/212"}],"wp:attachment":[{"href":"https:\/\/www.oeko-gruppe-laupen.ch\/index.php?rest_route=%2Fwp%2Fv2%2Fmedia&parent=158"}],"wp:term":[{"taxonomy":"category","embeddable":true,"href":"https:\/\/www.oeko-gruppe-laupen.ch\/index.php?rest_route=%2Fwp%2Fv2%2Fcategories&post=158"},{"taxonomy":"post_tag","embeddable":true,"href":"https:\/\/www.oeko-gruppe-laupen.ch\/index.php?rest_route=%2Fwp%2Fv2%2Ftags&post=158"}],"curies":[{"name":"wp","href":"https:\/\/api.w.org\/{rel}","templated":true}]}}

<p><strong>In den 70er-Jahren erreichte die Oeko-Bewegung auch das Amt Laupen im Kanton Bern. Im Zuge des Rummels um Kaiseraugst formierte sich Widerstand gegen das AKW Mühleberg, das nur wenige Kilometer von Laupen entfernt liegt. </strong></p>



<p>Es war eine kleine Gruppe Jugendlicher, die in den 70er Jahren das Thema „Abfall und Recycling“ in Laupen aufgriff. 1972 gründete diese Gruppe, initiiert von Bruno Riesen, den Verein ‹Schütz und lass dich schützen›. Parallel dazu entstand im ganzen Amt Laupen eine Bewegung, die Kritik an der Atomenergie, insbesondere am AKW Mühleberg übte. 1978 schlossen sich die beiden Gruppierungen zum Verein „Regionalgruppe Laupen für umweltgerechte Politik“ (heute: „Öko-Gruppe Laupen und Umgebung“) zusammen. Der Zweckartikel von ‹Schütz und lass dich schützen› wurde übernommen. Kurz darauf gingen aus der politisch tätigen Organisation zwei praxisbezogene Projekte hervor: der “Mitenand-Laden“ (heute claro-Laden) in Laupen und die „Bio-Gruppe“, welche unter anderem biologische Garten- und Landbaukurse organisierte. Die Öko-Gruppe beteiligte sich am Aufbau eines unabhängigen Netzes zur Messung der Radioaktivität rund um Mühleberg. Bei Einsprachen und Beschwerden gegen das Atomkraftwerk Mühleberg war die Öko-Gruppe immer wieder dabei. Neben dem Kampf gegen die Atomenergie beschäftigt sich der Verein mit anderen Umweltthemen wie Abfall, Recycling, erneuerbare Energien, Verkehr, ökologische Landwirtschaft oder Gentechnologie.</p>



<p>Wir organisieren Informationsabende und Besichtigungen, schalten Inserate im Anzeiger Laupen, beteiligen uns an Unterschriftensammlungen, treffen uns zu Sitzungen nach Bedarf.</p>



<p><strong>Steckbrief: </strong></p>



<ul class="wp-block-list"><li>Gründung: 1972, als &#8216;Schütz und lass dich schützen&#8217;</li><li>Mitglieder und GönnerInnen: ca. 40</li><li>Kontakt: Oeko-Gruppe Laupen, U. Balmer, Oberdorf 21, 3207 Wileroltigen, Tel. 031 755 70 34</li></ul>



<p>Mail:  info ät oeko-gruppe-laupen.ch</p>



<figure class="wp-block-image size-full is-resized"><a href="http://www.oeko-gruppe-laupen.ch/wrtdrck/wp-content/uploads/2014/04/Oekologo260x160.png"><img loading="lazy" decoding="async" src="http://www.oeko-gruppe-laupen.ch/wrtdrck/wp-content/uploads/2014/04/Oekologo260x160.png" alt="" class="wp-image-753" width="260" height="160"/></a></figure>

<p>In den 70er-Jahren erreichte die Oeko-Bewegung auch das Amt Laupen im Kanton Bern. Im Zuge des Rummels um Kaiseraugst formierte sich Widerstand gegen das AKW Mühleberg, das nur wenige Kilometer von Laupen entfernt liegt. Es war eine kleine Gruppe Jugendlicher, die in den 70er Jahren das Thema „Abfall und Recycling“ [&hellip;]</p>
