{"id":747,"date":"2014-04-06T08:42:49","date_gmt":"2014-04-06T07:42:49","guid":{"rendered":"http:\/\/www.oeko-gruppe-laupen.ch\/?page_id=747"},"modified":"2021-11-02T17:25:27","modified_gmt":"2021-11-02T16:25:27","slug":"verein","status":"publish","type":"page","link":"https:\/\/www.oeko-gruppe-laupen.ch\/?page_id=747","title":{"rendered":"Vereinsflyer"},"content":{"rendered":"<p><strong>Wer steckt dahinter?<\/strong><\/p>\n<p><strong> <\/strong>Die Oeko-Gruppe Laupen und Umgebung besteht aus rund 50 Mitgliedern,<\/p>\n<ul>\n<li>die das Atomkraftwerk in unserer Region als Bedrohung empfinden<\/li>\n<li>die \u00fcberzeugt sind, dass die Erde nicht weiter \u00fcbernutzt und verschmutzt werden darf<\/li>\n<li>die gewillt sind, in ihrem Lebensbereich etwas f\u00fcr die Umwelt zu tun<\/li>\n<li>die zum kleineren Teil aktiv in der Gruppe mitmachen und zum gr\u00f6sseren Teil sich finanziell beteiligen<\/li>\n<\/ul>\n<p><strong>Was wollen wir?<\/strong><\/p>\n<p>Die Oeko-Gruppe Laupen und Umgebung setzt sich daf\u00fcr ein,<\/p>\n<ul>\n<li>dass das Atomkraftwerk M\u00fchleberg m\u00f6glichst bald abgestellt wird (unser Dauerbrenner) und kein neues gebaut wird<\/li>\n<li>dass Abfall umweltgerecht wiederverwertet oder entsorgt wird<\/li>\n<li>dass Genmanipulation in Schranken gehalten wird<\/li>\n<li>dass Biolandbau gef\u00f6rdert wird<\/li>\n<\/ul>\n<ul>\n<li>und dass&#8230;.. (liegt <strong>dir<\/strong> ein Umweltthema am Herzen?)<\/li>\n<\/ul>\n<p><strong>So arbeiten wir <\/strong><\/p>\n<p>Die Oeko-Gruppe Laupen und Umgebung<\/p>\n<ul>\n<li>organisiert Vortragsabende, Besichtigungen, Kurse<\/li>\n<li>macht Einsprachen, Inserateaktionen<\/li>\n<li>beteiligt sich an Unterschriftensammlungen und Abstimmungskampagnen,<\/li>\n<li>trifft sich nach Bedarf zu Sitzungen<\/li>\n<\/ul>\n<p><meta http-equiv=\"\u201crefresh\u201d\" content=\"\u201c0;\"><\/p>\n","protected":false},"excerpt":{"rendered":"<p>Wer steckt dahinter? Die Oeko-Gruppe Laupen und Umgebung besteht aus rund 50 Mitgliedern, die das Atomkraftwerk in unserer Region als Bedrohung empfinden die \u00fcberzeugt sind, dass die Erde nicht weiter \u00fcbernutzt und verschmutzt werden darf die gewillt sind, in ihrem Lebensbereich etwas f\u00fcr die Umwelt zu tun die zum kleineren [&hellip;]<\/p>\n","protected":false},"author":2,"featured_media":0,"parent":212,"menu_order":0,"comment_status":"closed","ping_status":"closed","template":"","meta":{"footnotes":""},"categories":[26],"tags":[],"class_list":["post-747","page","type-page","status-publish","hentry","category-verein"],"_links":{"self":[{"href":"https:\/\/www.oeko-gruppe-laupen.ch\/index.php?rest_route=\/wp\/v2\/pages\/747","targetHints":{"allow":["GET"]}}],"collection":[{"href":"https:\/\/www.oeko-gruppe-laupen.ch\/index.php?rest_route=\/wp\/v2\/pages"}],"about":[{"href":"https:\/\/www.oeko-gruppe-laupen.ch\/index.php?rest_route=\/wp\/v2\/types\/page"}],"author":[{"embeddable":true,"href":"https:\/\/www.oeko-gruppe-laupen.ch\/index.php?rest_route=\/wp\/v2\/users\/2"}],"replies":[{"embeddable":true,"href":"https:\/\/www.oeko-gruppe-laupen.ch\/index.php?rest_route=%2Fwp%2Fv2%2Fcomments&post=747"}],"version-history":[{"count":3,"href":"https:\/\/www.oeko-gruppe-laupen.ch\/index.php?rest_route=\/wp\/v2\/pages\/747\/revisions"}],"predecessor-version":[{"id":1158,"href":"https:\/\/www.oeko-gruppe-laupen.ch\/index.php?rest_route=\/wp\/v2\/pages\/747\/revisions\/1158"}],"up":[{"embeddable":true,"href":"https:\/\/www.oeko-gruppe-laupen.ch\/index.php?rest_route=\/wp\/v2\/pages\/212"}],"wp:attachment":[{"href":"https:\/\/www.oeko-gruppe-laupen.ch\/index.php?rest_route=%2Fwp%2Fv2%2Fmedia&parent=747"}],"wp:term":[{"taxonomy":"category","embeddable":true,"href":"https:\/\/www.oeko-gruppe-laupen.ch\/index.php?rest_route=%2Fwp%2Fv2%2Fcategories&post=747"},{"taxonomy":"post_tag","embeddable":true,"href":"https:\/\/www.oeko-gruppe-laupen.ch\/index.php?rest_route=%2Fwp%2Fv2%2Ftags&post=747"}],"curies":[{"name":"wp","href":"https:\/\/api.w.org\/{rel}","templated":true}]}}

<p><strong>Wer steckt dahinter?</strong></p>
<p><strong> </strong>Die Oeko-Gruppe Laupen und Umgebung besteht aus rund 50 Mitgliedern,</p>
<ul>
<li>die das Atomkraftwerk in unserer Region als Bedrohung empfinden</li>
<li>die überzeugt sind, dass die Erde nicht weiter übernutzt und verschmutzt werden darf</li>
<li>die gewillt sind, in ihrem Lebensbereich etwas für die Umwelt zu tun</li>
<li>die zum kleineren Teil aktiv in der Gruppe mitmachen und zum grösseren Teil sich finanziell beteiligen</li>
</ul>
<p><strong>Was wollen wir?</strong></p>
<p>Die Oeko-Gruppe Laupen und Umgebung setzt sich dafür ein,</p>
<ul>
<li>dass das Atomkraftwerk Mühleberg möglichst bald abgestellt wird (unser Dauerbrenner) und kein neues gebaut wird</li>
<li>dass Abfall umweltgerecht wiederverwertet oder entsorgt wird</li>
<li>dass Genmanipulation in Schranken gehalten wird</li>
<li>dass Biolandbau gefördert wird</li>
</ul>
<ul>
<li>und dass&#8230;.. (liegt <strong>dir</strong> ein Umweltthema am Herzen?)</li>
</ul>
<p><strong>So arbeiten wir </strong></p>
<p>Die Oeko-Gruppe Laupen und Umgebung</p>
<ul>
<li>organisiert Vortragsabende, Besichtigungen, Kurse</li>
<li>macht Einsprachen, Inserateaktionen</li>
<li>beteiligt sich an Unterschriftensammlungen und Abstimmungskampagnen,</li>
<li>trifft sich nach Bedarf zu Sitzungen</li>
</ul>
<p><meta http-equiv="“refresh”" content="“0;"></p>

<p>Wer steckt dahinter? Die Oeko-Gruppe Laupen und Umgebung besteht aus rund 50 Mitgliedern, die das Atomkraftwerk in unserer Region als Bedrohung empfinden die überzeugt sind, dass die Erde nicht weiter übernutzt und verschmutzt werden darf die gewillt sind, in ihrem Lebensbereich etwas für die Umwelt zu tun die zum kleineren [&hellip;]</p>
